*u = -45, -2*u - 3 = -q + 12. Suppose -39721 = -q*g + 4*g. Is g a composite number?
True
Is (2514/(-12))/((-9688)/(-1616) + -6) a composite number?
True
Let h(f) = 34*f**2 + 5*f + 5. Suppose -5*s = 35 - 5. Is h(s) a composite number?
True
Suppose -4*c + 7943 = -23*d + 20*d, -4*d = 20. Suppose 0 = 5*r - c - 1703. Is r a prime number?
False
Is 3553556/(-32)*(-69 + 61) a prime number?
True
Suppose 6 = -3*z - 0, -5*u - 3*z = -27784. Suppose -39177 = -5*o + u. Is o composite?
True
Is ((-2)/6)/((-1)/(-2) - 8091170/16182156) prime?
True
Let n(o) = -2*o**3 - 179*o**2 - 152*o + 342. Is n(-105) a prime number?
False
Let u = -19958 - -11931. Let q = u - -17592. Is q prime?
False
Suppose 532961 = 3*f + 5*r, r + 0*r - 1243597 = -7*f. Is f composite?
True
Let d = 20 + -41. Let s = 18 + d. Is s + 2728/(4 - 0) composite?
True
Suppose -4*o = -i + 241383, -172*o + 175*o + 241385 = i. Is i composite?
False
Let k = 84 + -43. Let a = 41 - k. Is 265 - a/((4 - 1) + -1) a composite number?
True
Let m be (-3 - -7)*-4*-2. Let n = m - -2. Is n composite?
True
Let g = 17578 - 10082. Suppose 0 = 17*i + g - 56439. Is i composite?
False
Let r be (-68)/(-11) + (-175)/55 + 3. Let y be (r/(-10))/((-5)/25). Suppose 0*k - y*k + 4*x + 1917 = 0, 3 = -x. Is k prime?
False
Let u(o) = o. Let l be u(0). Suppose 5*p - p - 3836 = l. Let j = p + 34. Is j a composite number?
True
Let b(u) = 488*u + 138. Let a be b(31). Let g = a - 5739. Is g composite?
True
Let b(x) = -2752*x**3 + x**2 - x - 1. Let s be b(-1). Suppose -r - 9*r = -52170. Suppose -10*h + r = -s. Is h composite?
False
Suppose -2*q + b = -6*q + 14, 2*b - 1 = q. Suppose r = -0*r - 5, -q*r - 810 = -5*x. Is x prime?
False
Let s be (-1)/7 - (-16966)/(-14). Let k be 13 - 9 - s/3. Suppose 6*t - k = -2*t. Is t composite?
True
Suppose 110 = 3*f + 5. Let w = 37 - f. Suppose w*z - 907 = -10*m + 5*m, 3*m = 3*z - 1350. Is z composite?
True
Let i(d) = 164*d**2 + 11*d - 92. Suppose -17*c + 34 + 51 = 0. Is i(c) composite?
True
Let c(x) = 1225*x**3 + x**2 - 12*x + 10. Let g be c(3). Suppose -15*b + g = -15212. Is b prime?
False
Let t(v) = 2012*v + 1551. Is t(34) a prime number?
True
Suppose -13*i = -21*i - 60*i + 7219628. Is i a composite number?
True
Suppose 4*n - 6 = h, 0 = -0*n + 3*n - h - 4. Let g(s) = 99*s + 7. Let x(o) = 2*o - 2. Let k(w) = g(w) + 2*x(w). Is k(n) composite?
True
Let w(c) = 2*c**3 - 24*c**2 - 29*c - 17. Let f be w(-10). Let m = 494 - f. Is m composite?
False
Let n = -13762 - -31378. Suppose 33*z - 17*z = n. Is z prime?
False
Suppose -2*o + 2*l + 3*l = -58, 4*l = 5*o - 145. Let k(v) = -30*v**2 + 3*v + 23*v**2 - 5 + o*v**2. Is k(3) a composite number?
True
Let a = 955 - -819. Suppose -56*v = 58*v - 109*v. Suppose 2*z = 4*g + a, -3*g + v*g = -3. Is z composite?
True
Suppose -2*z - 736238 = -4*g, -5*z + 156721 = g - 27311. Is g a prime number?
True
Let q(w) = -1569*w**2 - 11*w + 32. Let o be q(5). Let s = -3097 - o. Is s prime?
True
Let r be ((-580)/12)/((-1)/(-6)). Let m be (25/10)/((-5)/r). Suppose -564 = -u - m. Is u prime?
True
Suppose 4*n + 4*x = 2828, x + 2*x - 2825 = -4*n. Let g be -408 + (-3 - (4 - 10)). Let c = g + n. Is c composite?
True
Let d be (1 + 256)*(71 + -4). Let n = 31588 - d. Is n composite?
False
Suppose -2*l + 22339 = 93*l - 785066. Is l a prime number?
False
Suppose -4*u - y + 192297 = -6*y, u - 3*y = 48076. Is u composite?
False
Suppose 0 = -4*k + 3*o - 6*o + 51, 4*o - 56 = -4*k. Is (k - 7) + 3 + 532 a composite number?
True
Let q(g) be the first derivative of 23 + 0*g**2 + 7*g + 55/3*g**3. Is q(-4) a composite number?
False
Let r = 31673 - 18223. Suppose -r = 5*z - 62165. Is z a prime number?
True
Let t = -44 - -49. Let c be (-2246)/(t/((-140)/(-8))). Let h = c - -11768. Is h a composite number?
False
Let t(w) = -128*w**2 - 6*w + 7. Let n be t(4). Let y = -704 - n. Is y a composite number?
False
Let m(r) = 34*r + 19. Let n = -23 - 0. Let j(v) = -v**2 - 23*v + 10. Let u be j(n). Is m(u) composite?
False
Let n(c) = 2*c**3 + 28*c**2 + 217*c + 181. Is n(26) composite?
True
Let v(d) be the first derivative of 5*d**3/3 + 3*d**2/2 + 35*d - 1. Let r(n) = -12*n**2 - 2. Let t be r(-1). Is v(t) a prime number?
False
Let v(k) = -3415*k - 2382. Is v(-41) a composite number?
False
Suppose -5*l - 48 = 107. Let w = l - -452. Suppose 2*h - 341 - w = 0. Is h a prime number?
False
Let t = 91 - 88. Suppose 5*a - t*c = 24947, a - 4979 = c - 3*c. Is a composite?
False
Let a(y) = -y**3 + 31*y**2 - 1. Let i be a(31). Is 218494/30 + (-91)/(-105) + i composite?
False
Let x = 601 + 2554. Is x a prime number?
False
Let w be (0 + 4 - 5)/1. Let m be (-10*1)/(w/(-1)). Is (-1)/(-5) - 468/m prime?
True
Let h = 3731 + 7103. Suppose 54933 = 11*a + h. Is a composite?
True
Let d = 222295 - 54702. Is d composite?
False
Suppose -2*d - 11 + 13 = 0. Is 2885/20 - (2/8 - d) a composite number?
True
Let r(t) = 5*t + 1. Let a be r(7). Suppose 0 = -0*d - 4*d + a. Is (-2 + d/6)*-518 a composite number?
True
Is (-1486702)/(238/(-17)) + 14 prime?
True
Let f be (-2)/((32/(-44))/(-4)). Let y = 18 + f. Suppose 0 = -y*p - 3*p + 3170. Is p a prime number?
True
Let z(v) be the first derivative of 126*v**2 + 53*v + 62. Is z(9) prime?
False
Suppose 2*x = -1 + 3. Let y be 18/(-10) - 3232/160. Is (-1)/x - -2 - y a composite number?
False
Let v(b) = 3430*b - 326. Is v(10) composite?
True
Suppose -l - 30 - 35 = 0. Let k = 62 + l. Is -394*(28/(-8) - 6/k) a composite number?
True
Let l be (-370)/(-40) - 9 - (-767)/4. Let j = -110 + l. Is j a composite number?
True
Let i(n) = -19*n - 12. Let z be ((-8)/(-6))/((-12)/18)*-3. Let m(s) = -56*s - 37. Let j(x) = z*m(x) - 17*i(x). Is j(-3) composite?
True
Is 2/(-18) - (556168/(-36) + 0) - 0 a composite number?
True
Suppose 6*w - 269055 - 156977 = -2*w. Is w prime?
False
Let y = 268 + -263. Suppose -3*l + 5810 = y*w - 8*l, w - 1159 = 4*l. Is w a prime number?
True
Suppose 3*v + 550 = 2*v. Let j(n) = 50*n**2 - 27*n - 17. Let m be j(-5). Let a = v + m. Is a composite?
True
Let i(p) = p + 45. Let l be i(-23). Suppose -t - 71169 = -l*t. Is t composite?
False
Suppose 13816073 - 95031288 = -182*a + 87*a. Is a composite?
False
Let q(g) = 281*g**2 - 215*g - 29. Is q(16) a composite number?
True
Suppose 0 = -5*o + 2*c + 13580 + 19455, -o + 6619 = 2*c. Is o prime?
False
Let h = -212102 - -508419. Is h composite?
True
Let b(s) = -4959*s - 5648. Is b(-19) a composite number?
True
Let i = -57080 - -144873. Is i composite?
False
Suppose 16*i - 2304199 - 3047807 - 1291466 = 0. Is i a prime number?
False
Let a(r) = r**2 - 17*r + 32. Let l be a(15). Suppose 0 = -f + l*p + 16519, -p + 3*p + 33038 = 2*f. Is f a prime number?
True
Let z be 70/(-14) - 1*-5. Suppose z = 8*q + 7*q - 45. Suppose 0 = -h - 4*v + 1187, 6*h - q*h = 5*v + 3595. Is h composite?
True
Let v(t) = t**3 - 3*t**2 + 5*t - 5. Let w = 11 - 9. Let l be v(w). Let m(d) = 1674*d - 3. Is m(l) prime?
False
Let j = 442861 + -125090. Is j a composite number?
False
Suppose -5*d = -7*d - 798. Let w = -2665 - -1885. Let f = d - w. Is f a composite number?
True
Let b(v) = 3 + 0 + 3 + 24*v + v**3 + 24*v**2 - 44. Is b(-11) a prime number?
False
Suppose 47 = -r + 3*h, -r - 3*h - 18 = 5. Let f = r - -15. Is ((-2043)/(-5) - 8/f)*2 prime?
False
Suppose 0 = 46*j - 43*j - 14535. Suppose -j - 2054 = -n. Is n a prime number?
True
Suppose 2 = n - 2*r + 3, 24 = 4*n - r. Suppose 4423 = n*c - 10690. Is c a prime number?
False
Let m(n) = -9*n**2 - 4*n**2 - 11 - 12*n + 14*n**2. Let i be m(13). Suppose -i*l + 542 = -2*p, -2*p = -10 + 4. Is l a composite number?
True
Let w be 268 - (1/(-2))/((-3)/(-18)). Suppose -w = 6*n - 4777. Is n a prime number?
True
Suppose 0 = 20*q + 130 - 10. Is (-8)/q*700002/216 composite?
True
Let x be ((-1)/(-3))/(1/6). Let z be (0 - -3)*(2335/3 + x). Suppose -2*i + 7*i - z = 2*k, -5*i + 5*k = -2335. Is i composite?
True
Let s = -433 + 438. Suppose 4*v - s*l = 23904, v = 3*v + 3*l - 11974. Is v composite?
False
Let o(v) = 6 - 4 + 17*v - 15*v + 4. Let r be o(-2). Is -1 + -2 - -2 - (-736 + r) composite?
False
Let b be (-12)/72 + (-355)/30. Is 17*443 - b*16/32 composite?
False
Suppose 0 = -84*w - 5915654 + 17493458. Is w a prime number?
True
Let t(s) = -1159*s**2 - 40*s + 242. Let l be t(7). Let o = 81502 + l. Is o a composite number?
True
Suppose 0 = a - 4*i - 112187 - 37702